etermine d(-3).
-7
Let n(l) = 2079*l + 72893. What is n(-35)?
128
Let v(c) = 53*c + 6940. Determine v(-110).
1110
Let k(x) = -3*x**2 - 272*x - 4491. Calculate k(-69).
-6
Let p(g) = g**3 + 311*g**2 - 636*g - 4063. What is p(-313)?
-933
Let j(b) = -670*b + 23325. What is j(35)?
-125
Let u(r) = -4*r**2 - 4239*r + 21295. Determine u(5).
0
Let j(f) = -f**3 + 19*f**2 - 318*f + 5265. Determine j(18).
-135
Let o(g) = 990*g - 1245. What is o(4)?
2715
Let j(w) = -2*w**3 + 243*w**2 - 105*w - 2279. Determine j(121).
-343
Let l(p) = -p**2 - 3680*p + 390126. What is l(103)?
477
Let i(m) = 4*m**2 - 302*m + 5038. What is i(25)?
-12
Let k(f) = 2*f**3 - 108*f**2 + 341*f + 263. What is k(4)?
27
Let t(f) = -5504*f + 319228. What is t(58)?
-4
Let l(b) = -b**3 + 20*b**2 - 149*b - 21. Determine l(13).
-775
Let a(t) = -200*t - 7833. Give a(-36).
-633
Let b(r) = -r**3 + 8*r**2 - 52*r + 48. Determine b(9).
-501
Let s(h) = 6743*h - 1463227. Determine s(217).
4
Let k(j) = 9152*j + 12254557. Calculate k(-1339).
29
Let i(v) = -3669*v + 16348. Calculate i(5).
-1997
Let x(h) = 10*h**3 - h**2 + 2866*h - 2864. Give x(1).
11
Let o(a) = 13*a**3 + 98*a**2 - 608*a - 4652. Determine o(-8).
-172
Let i(r) = 13395*r + 3107643. Give i(-232).
3
Let l(x) = 11*x**2 - 2*x + 90. What is l(9)?
963
Let v(g) = 2197*g + 16606. Give v(-7).
1227
Let l(h) = 6*h**2 - 12*h + 244. What is l(12)?
964
Let a(y) = 11516*y - 679400. Give a(59).
44
Let w(p) = -67035*p + 469210. Give w(7).
-35
Let s(r) = 3*r**2 + 722*r + 19979. Give s(-31).
480
Let r(w) = 10*w**2 - 7017*w + 56058. Calculate r(8).
562
Let g(t) = 4*t**2 + 178138*t - 1781787. Determine g(10).
-7
Let x(g) = -3*g**2 - 107*g + 9876. Calculate x(42).
90
Let p(d) = 3*d**3 - 303*d**2 + 278*d + 2195. Determine p(100).
-5
Let c(p) = -6*p**3 + 410*p**2 - 148*p + 496. Calculate c(68).
-320
Let g(l) = 2146*l - 493574. Calculate g(230).
6
Let v(i) = -658*i**3 - 2*i**2 - 39*i - 38. Give v(-1).
657
Let g(f) = -f**2 - 76160*f + 3734241. What is g(49)?
0
Let d(v) = -v**2 + 232*v + 3745. Give d(-15).
40
Let t(g) = -249*g + 11382. Give t(39).
1671
Let h(d) = -2*d**3 + 254*d**2 - 220*d - 35169. Give h(125).
-169
Let c(g) = 22*g**2 + 173*g + 1476. What is c(-8)?
1500
Let z(o) = 2*o**3 + 15*o**2 - 700*o - 13. Calculate z(-22).
1351
Let b(u) = 196*u + 23550. Give b(-120).
30
Let s(w) = 597*w - 5654. Give s(13).
2107
Let o(v) = -67*v + 5354. Determine o(90).
-676
Let l(n) = 2239*n + 165660. Calculate l(-74).
-26
Let r(a) = 18240*a + 108889. Determine r(-6).
-551
Let q(w) = -3*w**2 - 19*w + 1890. Determine q(-28).
70
Let p(j) = 2*j**3 - 155*j**2 - 71298*j + 561. Calculate p(-154).
-55
Let z(g) = -9079*g + 399528. Determine z(44).
52
Let q(p) = 20*p**2 + 336*p + 871. What is q(-3)?
43
Let n(h) = -80*h**2 + 1935*h - 48. Give n(24).
312
Let t(s) = -3*s**2 - 65648*s - 656176. Give t(-10).
4
Let o(c) = 11*c**2 + 649*c + 262. Determine o(-58).
-376
Let p(f) = 5*f**2 - 1261*f + 4967. Give p(4).
3
Let g(w) = 47*w**2 + 427*w + 52. Calculate g(-9).
16
Let v(f) = -1935*f + 1058441. Give v(547).
-4
Let s(q) = -129*q**2 + 3094*q + 48. What is s(24)?
0
Let u(r) = -r**3 + 1715*r**2 - 17168*r + 201166. Determine u(1705).
-24
Let l(x) = 192*x**2 + 4586*x - 528. What is l(-24)?
0
Let u(y) = 3*y**3 - 34*y**2 + 4*y + 47. What is u(11)?
-30
Let u(p) = -56*p**3 + 64519*p**2 - 8061*p - 3429. What is u(1152)?
27
Let w(b) = -1734*b + 121351. Determine w(70).
-29
Let n(j) = j**3 + 91*j**2 + 157*j - 2223. Give n(-89).
-354
Let y(b) = 87*b**2 + 169*b + 409. Give y(-4).
1125
Let w(b) = 2*b**3 + 124*b**2 + 27*b + 1773. What is w(-62)?
99
Let l(i) = -5563361*i + 11126725. Give l(2).
3
Let y(o) = -2*o**2 - 130*o + 182857. Give y(-336).
745
Let k(h) = 5*h**2 - 392*h + 920. Give k(76).
8
Let o(v) = 5054*v - 50541. Give o(10).
-1
Let v(c) = -2369*c + 355358. Give v(150).
8
Let q(m) = 42*m**2 + 241*m - 64. What is q(-7)?
307
Let z(l) = 7436*l**2 - 89237*l + 67. Calculate z(12).
7
Let f(v) = -2*v**2 + 226*v + 6638. Calculate f(-20).
1318
Let t(x) = 2138*x**2 - 42759*x - 26. Determine t(20).
-6
Let n(s) = 1077*s + 27852. Determine n(-25).
927
Let h(f) = 61*f**2 - 3853*f - 12099. What is h(-3)?
9
Let v(o) = -2*o**2 - 16530*o + 798042. Determine v(48).
-6
Let h(v) = -2125*v + 869130. Determine h(409).
5
Let q(l) = 612738*l - 612736. Give q(1).
2
Let j(z) = -219*z**2 + 36*z + 69. Give j(-2).
-879
Let x(w) = -w**3 - 32*w**2 - 55*w - 37. Give x(-29).
-965
Let m(j) = -1417*j**2 - 18418*j + 44. What is m(-13)?
5
Let g(q) = -1784*q - 663633. What is g(-372)?
15
Let b(t) = -2*t**3 - 26*t**2 + 9573*t - 126. What is b(-76)?
102
Let q(y) = -124*y - 4565. Determine q(-31).
-721
Let n(k) = -2*k**3 - 411*k**2 - 1014*k + 67. Give n(-203).
-136
Let r(k) = -2*k**3 - 140*k**2 - 293*k - 10460. Calculate r(-69).
235
Let r(l) = -7*l**3 - 85*l**2 + 149*l + 10. Determine r(-14).
472
Let w(o) = 24*o**2 - 2629*o + 183. Give w(0).
183
Let n(l) = 8*l**2 - 1401*l + 10841. Give n(167).
-14
Let o(v) = -135*v + 4858. What is o(41)?
-677
Let j(p) = p**3 + 7*p**2 - 5480*p + 16387. Calculate j(3).
37
Let z(t) = t**3 + 208*t**2 + 5629*t - 553. Determine z(-176).
-25
Let y(k) = 19*k**3 - 1197*k**2 - 123312*k - 111. Determine y(-55).
-1
Let l(d) = -92*d**2 - 1176*d + 3536. Calculate l(3).
-820
Let z(n) = -n**2 - 135*n - 3050. What is z(-29)?
24
Let y(j) = -2*j**2 + 23639*j - 165376. Give y(7).
-1
Let k(n) = -n**2 + 623*n + 6497. Determine k(-10).
167
Let q(v) = v**2 + 270*v + 5397. Determine q(-22).
-59
Let f(k) = -3343*k - 330955. Calculate f(-99).
2
Let t(r) = -572*r + 642. Determine t(-5).
3502
Let x(p) = 24*p**2 - 477*p + 2853. Give x(6).
855
Let y(f) = 2*f**3 - 125*f**2 - 693*f - 3751. Give y(68).
-11
Let s(m) = 2*m**3 + 191*m**2 + 153*m + 5517. What is s(-95)?
7
Let j(g) = g**3 - 50*g**2 + 500*g + 823. Give j(35).
-52
Let k(y) = -y**3 + 41*y**2 + 22*y - 228. Calculate k(40).
2252
Let p(r) = -7*r**2 + 480*r - 1680. Determine p(65).
-55
Let i(o) = -7*o**2 + 65*o + 14879. Determine i(51).
-13
Let w(n) = -n**3 + 74*n**2 + 7*n - 90. Determine w(74).
428
Let l(h) = h**2 + 5577*h - 1365814. Give l(235).
6
Let s(d) = d**2 + 175*d + 1485. Calculate s(-142).
-3201
Let p(d) = -d**3 + 926*d**2 + 509842*d - 13139. Give p(1314).
1
Let i(p) = p**3 + 138*p**2 + 124*p - 1580. Determine i(-137).
201
Let w(u) = 9919*u + 129304. Give w(-13).
357
Let j(d) = 285*d**2 - 31070*d + 227. What is j(109)?
-318
Let t(o) = -68*o**2 - 4999*o - 2292. What is t(-73)?
263
Let g(l) = 3*l**3 + 46*l**2 + 91*l - 365. Determine g(-12).
-17
Let p(d) = 804*d**2 - 100497*d - 368. What is p(125)?
7
Let h(p) = 51*p**2 + 66*p - 545. Give h(0).
-545
Let j(n) = 19*n**3 + 967*n**2 + 22*n + 6336. What is j(-51)?
12
Let p(d) = -115*d**2 - 54*d - 262. Calculate p(-4).
-1886
Let n(c) = c**2 + 466*c - 20351. What is n(40)?
-111
Let g(j) = -754*j + 41684. Calculate g(57).
-1294
Let t(f) = -71*f**2 + 4939*f - 7545. Determine t(68).
3
Let y(r) = -1436*r**2 - 81*r - 85. Determine y(-1).
-1440
Let h(j) = -20*j + 327. What is h(2)?
287
Let r(s) = -3385*s + 426500. Determine r(126).
-10
Let f(c) = c**2 + 7*c - 1623. Give f(32).
-375
Let w(k) = 398*k**2 - 422*k + 4. Calculate w(1).
-20
Let c(s) = -311*s**2 + 17415*s + 76. Calculate c(56).
20
Let s(c) = -c**2 - 1934*c - 101514. What is s(-54)?
6
Let t(v) = v**3 - 16*v**2 - 236*v - 149. Give t(23).
-1874
Let r(l) = -3*l**3 + 228*l**2 - 1098*l + 6. What is r(5)?
-159
Let n(q) = -23*q**2 - 94*q + 194. Determine n(4).
-550
Let b(g) = 1229813*g - 2459628. What is b(2)?
-2
Let p(l) = -5231*l + 151996. What is p(29)?
297
Let l(g) = 81*g - 3381. What is l(37)?
-384
Let l(f) = -2*f**2 - 4026*f + 73124. Determine l(18).
8
Let i(f) = 63*f**2 - 1225*f - 1292. Determine i(-1).
-4
Let a(m) = -231*m - 121587. Determine a(-526).
-81
Let k(y) = -4*y**2 - 1882*y + 386247. Give k(-625).
-3
Let d(y) = -1246116*y - 7476698. Determine d(-6).
-2
Let y(t) = 4156*t - 174534. Determine y(42).
18
Let i(h) = 2*h**3 + 72*h**2 - 17*h - 533. What is i(-36)?
79
Let n(k) = -7*k**2 + 113*k - 626. What is n(6)?
-200
Let g(q) = 3*q**2 - 2212*q - 75483. Determine g(770).
-23
Let l(y) = 5*y**3 - 16*y**2 - 45*y + 142. Determine l(-3).
-2
Let q(b) = 4008*b + 11407. Calculate q(-3).
-617
Let t(f) = -435*f + 13352. Determine t(31).
-133
Let f(t) = -23277*t - 46754. What is f(-2)?
-2